ANNUAL CLIMATOLOGICAL SUMMARY

NAME: Station_1  CITY: Vail   STATE: AZ  
ELEV:  3510 ft  LAT:  32 54' 00" N  LONG: 110 42' 00" W

               TEMPERATURE (F), HEAT BASE 65.0, COOL BASE 65.0
                          DEP.  HEAT  COOL                                          
        MEAN  MEAN        FROM  DEG   DEG                        MAX  MAX  MIN  MIN 
 YR MO  MAX   MIN   MEAN  NORM  DAYS  DAYS  HI  DATE  LOW  DATE  >=90 <=32 <=32 <=0 
------------------------------------------------------------------------------------
 22  1  65.6  38.1  50.3   0.0   463     8  74.6  16  29.0    1    0    0    3    0
 22  2  66.9  36.3  50.6   0.0   430    26  81.2  14  22.2    3    0    0    6    0
 22  3  74.5  41.8  58.2   0.0   300    90  93.2  26  29.7    9    2    0    3    0
 22  4  85.7  50.2  69.0   0.0   112   231  96.3  26  34.7   13    9    0    0    0
 22  5  93.2  56.2  76.3   0.0    46   398 103.1  15  43.2   13   23    0    0    0
 22  6  99.1  68.1  83.8   0.0     2   565 110.2  16  59.2    5   30    0    0    0
 22  7  99.2  71.4  83.6   0.0     0   576 107.7  14  64.7    7   29    0    0    0
 22  8  93.2  69.0  79.7   0.0     0   455 100.2   6  66.4   24   27    0    0    0
 22  9  93.1  66.0  78.2   0.0     2   398  98.0   2  59.3   17   25    0    0    0
 22 10  80.4  53.9  65.7   0.0   121   143  91.2   3  41.1   25    1    0    0    0
 22 11  69.3  39.8  53.4   0.0   377    27  81.1   7  30.9   26    0    0    2    0
 22 12  66.5  47.1  56.2   0.0    65     4  74.0   1  41.9    7    0    0    0    0
------------------------------------------------------------------------------------
        83.4  53.7  67.9   0.0  1918  2920 110.2 JUN  22.2  FEB  146    0   14    0

                                PRECIPITATION (in)

               DEP.   MAX        DAYS OF RAIN 
               FROM   OBS.          OVER
 YR MO  TOTAL  NORM   DAY  DATE .01   .1   1
---------------------------------------------
 22  1  0.39   0.00  0.28    1    3    1    0
 22  2  0.43   0.00  0.25   24    3    2    0
 22  3  0.79   0.00  0.58   29    3    2    0
 22  4  0.00   0.00  0.00    1    0    0    0
 22  5  0.00   0.00  0.00    1    0    0    0
 22  6  2.01   0.00  0.93   18    9    4    0
 22  7  1.83   0.00  0.41   28   11    7    0
 22  8  2.04   0.00  0.44    6   10    6    0
 22  9  2.30   0.00  0.62    9    7    5    0
 22 10  1.45   0.00  0.72    8    6    3    0
 22 11  0.27   0.00  0.27    3    1    1    0
 22 12  0.83   0.00  0.57    4    3    2    0
---------------------------------------------
       12.34  0.00  0.93  JUN   56   33    0

                                WIND SPEED (mph)
                          DOM
 YR MO   AVG.  HI   DATE  DIR
---------------------------------
 22  1   5.4  35.0   28   ENE
 22  2   5.4  40.0   23     E
 22  3   5.0  38.0    4   WNW
 22  4   5.0  38.0   22   WNW
 22  5   4.7  32.0   20   WSW
 22  6   5.2  33.0   26   WNW
 22  7   4.4  36.0    8    SW
 22  8   3.9  33.0    6     E
 22  9   0.2  26.0    3     E
 22 10   0.0   0.0    1   ---
 22 11   0.0   0.0    1   ---
 22 12   0.0   0.0    1   ---
---------------------------------
         3.5  40.0  FEB  WNW