ANNUAL CLIMATOLOGICAL SUMMARY

NAME: Station_1  CITY: Vail   STATE: AZ  
ELEV:  3510 ft  LAT:  32 54' 00" N  LONG: 110 42' 00" W

               TEMPERATURE (F), HEAT BASE 65.0, COOL BASE 65.0
                          DEP.  HEAT  COOL                                          
        MEAN  MEAN        FROM  DEG   DEG                        MAX  MAX  MIN  MIN 
 YR MO  MAX   MIN   MEAN  NORM  DAYS  DAYS  HI  DATE  LOW  DATE  >=90 <=32 <=32 <=0 
------------------------------------------------------------------------------------
 21  1  65.0  37.2  49.3   0.0   504    17  77.7  17  29.8    2    0    0    5    0
 21  2  69.3  39.0  53.4   0.0   353    29  79.0  23  28.1   18    0    0    3    0
 21  3  72.1  41.5  56.8   0.0   322    68  86.1   7  30.6    1    0    0    1    0
 21  4  83.7  51.8  68.5   0.0   103   208  92.7   4  42.1   23    2    0    0    0
 21  5  92.1  56.3  76.0   0.0    47   389  98.2   6  46.0   23   19    0    0    0
 21  6 102.7  69.3  86.9   0.0     2   660 114.1  15  60.1    9   30    0    0    0
 21  7  94.5  69.7  80.7   0.0     0   488 105.7   9  64.7   25   24    0    0    0
 21  8  94.4  69.5  80.7   0.0     0   486 103.8   4  65.6   13   24    0    0    0
 21  9  91.7  64.9  76.9   0.0     8   366  99.7  12  57.5   27   20    0    0    0
 21 10  83.8  52.4  67.3   0.0   122   192  93.6   4  39.2   27    3    0    0    0
 21 11  79.8  48.2  62.4   0.0   192   113  88.8   6  40.5   27    0    0    0    0
 21 12  67.3  41.8  53.3   0.0   391    28  81.2   1  30.3   28    0    0    2    0
------------------------------------------------------------------------------------
        83.1  53.5  67.7   0.0  2044  3042 114.1 JUN  28.1  FEB  122    0   11    0

                                PRECIPITATION (in)

               DEP.   MAX        DAYS OF RAIN 
               FROM   OBS.          OVER
 YR MO  TOTAL  NORM   DAY  DATE .01   .1   1
---------------------------------------------
 21  1  1.55   0.00  0.37   26    6    6    0
 21  2  0.00   0.00  0.00    1    0    0    0
 21  3  0.35   0.00  0.22   13    3    1    0
 21  4  0.02   0.00  0.02   27    1    0    0
 21  5  0.00   0.00  0.00    1    0    0    0
 21  6  0.43   0.00  0.27   23    2    2    0
 21  7  8.61   0.00  1.94   22   17   11    3
 21  8  4.44   0.00  1.46   13    9    9    1
 21  9  1.50   0.00  0.73    1    6    2    0
 21 10  0.05   0.00  0.05   26    1    0    0
 21 11  0.00   0.00  0.00    1    0    0    0
 21 12  1.30   0.00  0.52   10    5    3    0
---------------------------------------------
       18.25  0.00  1.94  JUL   50   34    4

                                WIND SPEED (mph)
                          DOM
 YR MO   AVG.  HI   DATE  DIR
---------------------------------
 21  1   5.8  33.0   24     E
 21  2   5.3  33.0   28     W
 21  3   6.4  37.0    9   WSW
 21  4   5.8  40.0   28   WNW
 21  5   5.1  36.0   15    SW
 21  6   5.5  35.0   14   WNW
 21  7   4.1  48.0   10   SSW
 21  8   3.7  40.0   10    SW
 21  9   2.6  41.0    5   ENE
 21 10   4.2  35.0   11   SSW
 21 11   4.7  30.0   25   ESE
 21 12   3.2  38.0   31   ENE
---------------------------------
         4.7  48.0  JUL   SW