MONTHLY CLIMATOLOGICAL SUMMARY for NOV. 2022

NAME: Station_1   CITY: Vail   STATE: AZ 
ELEV:  3510 ft  LAT:  32 54' 00" N  LONG: 110 42' 00" W

                   TEMPERATURE (F), RAIN  (in), WIND SPEED (mph)

                                      HEAT  COOL        AVG
    MEAN                              DEG   DEG         WIND                 DOM
DAY TEMP  HIGH   TIME   LOW    TIME   DAYS  DAYS  RAIN  SPEED HIGH   TIME    DIR
------------------------------------------------------------------------------------
 1  61.5  79.4   1:30p  46.8   2:00a   6.6   3.1  0.00   0.0   0.0     ---   ---
 2  61.1  74.4  12:30p  47.4   4:30a   5.9   2.0  0.00   0.0   0.0     ---   ---
 3  50.5  60.5  10:00a  37.2  12:00m  14.5   0.0  0.27   0.0   0.0     ---   ---
 4  43.7  57.8   3:00p  32.8   6:30a  21.3   0.0  0.00   0.0   0.0     ---   ---
 5  50.8  70.1   3:00p  34.7   4:30a  14.9   0.7  0.00   0.0   0.0     ---   ---
 6  59.4  80.1   2:00p  41.2  12:30a   9.2   3.6  0.00   0.0   0.0     ---   ---
 7  63.8  81.1   2:30p  48.8   3:30a   5.3   4.0  0.00   0.0   0.0     ---   ---
 8  63.4  80.7   2:30p  48.5   6:30a   5.3   3.7  0.00   0.0   0.0     ---   ---
 9  59.9  71.6   1:30p  50.2  12:00m   6.6   1.5  0.00   0.0   0.0     ---   ---
10  52.7  64.2   2:00p  41.8  12:00m  12.3   0.0  0.00   0.0   0.0     ---   ---
11  49.5  67.6   2:00p  35.2   5:00a  15.7   0.2  0.00   0.0   0.0     ---   ---
12  55.9  73.5   1:00p  38.9   1:00a  10.7   1.5  0.00   0.0   0.0     ---   ---
13  54.6  70.6   1:30p  41.5   5:00a  11.2   0.8  0.00   0.0   0.0     ---   ---
14  47.2  64.2   2:00p  34.0   5:30a  17.8   0.0  0.00   0.0   0.0     ---   ---
15  51.2  69.6   2:30p  36.5   2:00a  14.3   0.6  0.00   0.0   0.0     ---   ---
16  50.9  64.5   2:00p  36.3   6:00a  14.1   0.0  0.00   0.0   0.0     ---   ---
17  52.4  67.4   2:30p  42.6   7:00a  12.8   0.2  0.00   0.0   0.0     ---   ---
18  54.2  72.1   2:00p  41.5  12:00m  11.9   1.1  0.00   0.0   0.0     ---   ---
19  52.7  68.4   1:30p  37.5   4:00a  12.7   0.3  0.00   0.0   0.0     ---   ---
20  50.5  61.0   2:30p  42.5   6:30a  14.5   0.0  0.00   0.0   0.0     ---   ---
21  54.4  67.8   2:30p  44.8   7:00a  10.8   0.2  0.00   0.0   0.0     ---   ---
22  55.9  72.7   3:00p  43.6  12:00m  10.1   0.9  0.00   0.0   0.0     ---   ---
23  52.8  70.9   2:00p  39.6   7:00a  13.0   0.9  0.00   0.0   0.0     ---   ---
24  47.9  63.4   2:30p  31.5   6:00a  17.1   0.0  0.00   0.0   0.0     ---   ---
25  49.4  61.8   2:00p  37.6  12:00m  15.6   0.0  0.00   0.0   0.0     ---   ---
26  46.7  65.5   2:00p  30.9   6:30a  18.3   0.0  0.00   0.0   0.0     ---   ---
27  47.9  67.1   1:00p  33.4   2:30a  17.2   0.1  0.00   0.0   0.0     ---   ---
28  53.0  69.4  12:30p  38.0   2:00a  12.6   0.6  0.00   0.0   0.0     ---   ---
29  51.6  68.1   2:00p  37.3   6:30a  13.6   0.2  0.00   0.0   0.0     ---   ---
30  55.0  72.8   2:00p  42.3   6:00a  11.2   1.2  0.00   0.0   0.0     ---   ---
-------------------------------------------------------------------------------------
    53.4  81.1     7    30.9    26   377.1  27.4  0.27   0.0   0.0     ---   ---

Max >=  90.0:  0
Max <=  32.0:  0
Min <=  32.0:  2
Min <=   0.0:  0
Max Rain: 0.27 ON 11/03/22
Days of Rain: 1 (>.01 in) 1 (>.1 in) 0 (>1 in)
Heat Base:  65.0  Cool Base:  65.0  Method: Integration